[INFO] fetching crate nikisas 0.1.0...
[INFO] building nikisas-0.1.0 against master#ff34b919075f35a1787659e9c448a34b06bab8de for issue-85264
[INFO] extracting crate nikisas 0.1.0 into /workspace/builds/worker-12/source
[INFO] validating manifest of crates.io crate nikisas 0.1.0 on toolchain ff34b919075f35a1787659e9c448a34b06bab8de
[INFO] running `Command { std: "/workspace/cargo-home/bin/cargo" "+ff34b919075f35a1787659e9c448a34b06bab8de" "metadata" "--manifest-path" "Cargo.toml" "--no-deps", kill_on_drop: false }`
[INFO] started tweaking crates.io crate nikisas 0.1.0
[INFO] finished tweaking crates.io crate nikisas 0.1.0
[INFO] tweaked toml for crates.io crate nikisas 0.1.0 written to /workspace/builds/worker-12/source/Cargo.toml
[INFO] running `Command { std: "/workspace/cargo-home/bin/cargo" "+ff34b919075f35a1787659e9c448a34b06bab8de" "generate-lockfile" "--manifest-path" "Cargo.toml" "-Zno-index-update", kill_on_drop: false }`
[INFO] running `Command { std: "/workspace/cargo-home/bin/cargo" "+ff34b919075f35a1787659e9c448a34b06bab8de" "fetch" "--manifest-path" "Cargo.toml", kill_on_drop: false }`
[INFO] [stderr]     Blocking waiting for file lock on package cache
[INFO] [stderr]     Blocking waiting for file lock on package cache
[INFO] running `Command { std: "docker" "create" "-v" "/var/lib/crater-agent-workspace/builds/worker-12/target:/opt/rustwide/target:rw,Z" "-v" "/var/lib/crater-agent-workspace/builds/worker-12/source:/opt/rustwide/workdir:ro,Z" "-v" "/var/lib/crater-agent-workspace/cargo-home:/opt/rustwide/cargo-home:ro,Z" "-v" "/var/lib/crater-agent-workspace/rustup-home:/opt/rustwide/rustup-home:ro,Z" "-e" "SOURCE_DIR=/opt/rustwide/workdir" "-e" "CARGO_TARGET_DIR=/opt/rustwide/target" "-e" "CARGO_HOME=/opt/rustwide/cargo-home" "-e" "RUSTUP_HOME=/opt/rustwide/rustup-home" "-w" "/opt/rustwide/workdir" "-m" "1610612736" "--user" "0:0" "--network" "none" "ghcr.io/rust-lang/crates-build-env/linux@sha256:20528e8c29e4536546f0102ce88568b16ea7538393a33fcca951030f7af10457" "/opt/rustwide/cargo-home/bin/cargo" "+ff34b919075f35a1787659e9c448a34b06bab8de" "metadata" "--no-deps" "--format-version=1", kill_on_drop: false }`
[INFO] [stdout] 13163642d8ea2ad57771cedcd953948e8f015df35291733361d4f614e412e882
[INFO] [stderr] WARNING: Your kernel does not support swap limit capabilities or the cgroup is not mounted. Memory limited without swap.
[INFO] running `Command { std: "docker" "start" "-a" "13163642d8ea2ad57771cedcd953948e8f015df35291733361d4f614e412e882", kill_on_drop: false }`
[INFO] running `Command { std: "docker" "inspect" "13163642d8ea2ad57771cedcd953948e8f015df35291733361d4f614e412e882", kill_on_drop: false }`
[INFO] running `Command { std: "docker" "rm" "-f" "13163642d8ea2ad57771cedcd953948e8f015df35291733361d4f614e412e882", kill_on_drop: false }`
[INFO] [stdout] 13163642d8ea2ad57771cedcd953948e8f015df35291733361d4f614e412e882
[INFO] running `Command { std: "docker" "create" "-v" "/var/lib/crater-agent-workspace/builds/worker-12/target:/opt/rustwide/target:rw,Z" "-v" "/var/lib/crater-agent-workspace/builds/worker-12/source:/opt/rustwide/workdir:ro,Z" "-v" "/var/lib/crater-agent-workspace/cargo-home:/opt/rustwide/cargo-home:ro,Z" "-v" "/var/lib/crater-agent-workspace/rustup-home:/opt/rustwide/rustup-home:ro,Z" "-e" "SOURCE_DIR=/opt/rustwide/workdir" "-e" "CARGO_TARGET_DIR=/opt/rustwide/target" "-e" "CARGO_INCREMENTAL=0" "-e" "RUST_BACKTRACE=full" "-e" "RUSTFLAGS=--cap-lints=forbid" "-e" "CARGO_HOME=/opt/rustwide/cargo-home" "-e" "RUSTUP_HOME=/opt/rustwide/rustup-home" "-w" "/opt/rustwide/workdir" "-m" "1610612736" "--user" "0:0" "--network" "none" "ghcr.io/rust-lang/crates-build-env/linux@sha256:20528e8c29e4536546f0102ce88568b16ea7538393a33fcca951030f7af10457" "/opt/rustwide/cargo-home/bin/cargo" "+ff34b919075f35a1787659e9c448a34b06bab8de" "build" "--frozen" "--message-format=json", kill_on_drop: false }`
[INFO] [stdout] 17265fb3bfa25058adafe09c149800a292584765645116d20c04e0e1023fbacf
[INFO] [stderr] WARNING: Your kernel does not support swap limit capabilities or the cgroup is not mounted. Memory limited without swap.
[INFO] running `Command { std: "docker" "start" "-a" "17265fb3bfa25058adafe09c149800a292584765645116d20c04e0e1023fbacf", kill_on_drop: false }`
[INFO] [stderr]    Compiling nikisas v0.1.0 (/opt/rustwide/workdir)
[INFO] [stderr]     Finished dev [unoptimized + debuginfo] target(s) in 0.35s
[INFO] running `Command { std: "docker" "inspect" "17265fb3bfa25058adafe09c149800a292584765645116d20c04e0e1023fbacf", kill_on_drop: false }`
[INFO] running `Command { std: "docker" "rm" "-f" "17265fb3bfa25058adafe09c149800a292584765645116d20c04e0e1023fbacf", kill_on_drop: false }`
[INFO] [stdout] 17265fb3bfa25058adafe09c149800a292584765645116d20c04e0e1023fbacf
[INFO] running `Command { std: "docker" "create" "-v" "/var/lib/crater-agent-workspace/builds/worker-12/target:/opt/rustwide/target:rw,Z" "-v" "/var/lib/crater-agent-workspace/builds/worker-12/source:/opt/rustwide/workdir:ro,Z" "-v" "/var/lib/crater-agent-workspace/cargo-home:/opt/rustwide/cargo-home:ro,Z" "-v" "/var/lib/crater-agent-workspace/rustup-home:/opt/rustwide/rustup-home:ro,Z" "-e" "SOURCE_DIR=/opt/rustwide/workdir" "-e" "CARGO_TARGET_DIR=/opt/rustwide/target" "-e" "CARGO_INCREMENTAL=0" "-e" "RUST_BACKTRACE=full" "-e" "RUSTFLAGS=--cap-lints=forbid" "-e" "CARGO_HOME=/opt/rustwide/cargo-home" "-e" "RUSTUP_HOME=/opt/rustwide/rustup-home" "-w" "/opt/rustwide/workdir" "-m" "1610612736" "--user" "0:0" "--network" "none" "ghcr.io/rust-lang/crates-build-env/linux@sha256:20528e8c29e4536546f0102ce88568b16ea7538393a33fcca951030f7af10457" "/opt/rustwide/cargo-home/bin/cargo" "+ff34b919075f35a1787659e9c448a34b06bab8de" "test" "--frozen" "--no-run" "--message-format=json", kill_on_drop: false }`
[INFO] [stdout] 6d356a9e865a6bc2b024a5b8844ec821c80a57805130f4755da1f665c2014a37
[INFO] [stderr] WARNING: Your kernel does not support swap limit capabilities or the cgroup is not mounted. Memory limited without swap.
[INFO] running `Command { std: "docker" "start" "-a" "6d356a9e865a6bc2b024a5b8844ec821c80a57805130f4755da1f665c2014a37", kill_on_drop: false }`
[INFO] [stderr]    Compiling libc v0.2.95
[INFO] [stderr]    Compiling cfg-if v1.0.0
[INFO] [stderr]    Compiling ppv-lite86 v0.2.10
[INFO] [stderr]    Compiling getrandom v0.1.16
[INFO] [stderr]    Compiling autocfg v1.0.1
[INFO] [stderr]    Compiling bitflags v1.2.1
[INFO] [stderr]    Compiling remove_dir_all v0.5.3
[INFO] [stderr]    Compiling fnv v1.0.7
[INFO] [stderr]    Compiling quick-error v1.2.3
[INFO] [stderr]    Compiling lazy_static v1.4.0
[INFO] [stderr]    Compiling regex-syntax v0.6.25
[INFO] [stderr]    Compiling num-traits v0.2.14
[INFO] [stderr]    Compiling getrandom v0.2.3
[INFO] [stderr]    Compiling wait-timeout v0.2.0
[INFO] [stderr]    Compiling rand_core v0.5.1
[INFO] [stderr]    Compiling rand_core v0.6.2
[INFO] [stderr]    Compiling rand_chacha v0.2.2
[INFO] [stderr]    Compiling rand_xorshift v0.2.0
[INFO] [stderr]    Compiling rand_chacha v0.3.0
[INFO] [stderr]    Compiling rand v0.7.3
[INFO] [stderr]    Compiling rand v0.8.3
[INFO] [stderr]    Compiling tempfile v3.2.0
[INFO] [stderr]    Compiling rusty-fork v0.3.0
[INFO] [stderr]    Compiling proptest v0.10.1
[INFO] [stderr]    Compiling nikisas v0.1.0 (/opt/rustwide/workdir)
[INFO] [stdout] error[E0433]: failed to resolve: use of undeclared crate or module `nikisas_test`
[INFO] [stdout]   --> src/math/cos.rs:32:9
[INFO] [stdout]    |
[INFO] [stdout] 32 |     use nikisas_test::prelude::*;
[INFO] [stdout]    |         ^^^^^^^^^^^^ use of undeclared crate or module `nikisas_test`
[INFO] [stdout] 
[INFO] [stdout] 
[INFO] [stdout] error[E0433]: failed to resolve: use of undeclared crate or module `nikisas_test`
[INFO] [stdout]   --> src/math/cot.rs:30:9
[INFO] [stdout]    |
[INFO] [stdout] 30 |     use nikisas_test::prelude::*;
[INFO] [stdout]    |         ^^^^^^^^^^^^ use of undeclared crate or module `nikisas_test`
[INFO] [stdout] 
[INFO] [stdout] 
[INFO] [stdout] error[E0433]: failed to resolve: use of undeclared crate or module `nikisas_test`
[INFO] [stdout]   --> src/math/exp.rs:68:9
[INFO] [stdout]    |
[INFO] [stdout] 68 |     use nikisas_test::prelude::*;
[INFO] [stdout]    |         ^^^^^^^^^^^^ use of undeclared crate or module `nikisas_test`
[INFO] [stdout] 
[INFO] [stdout] 
[INFO] [stdout] error[E0433]: failed to resolve: use of undeclared crate or module `nikisas_test`
[INFO] [stdout]   --> src/math/ln.rs:94:9
[INFO] [stdout]    |
[INFO] [stdout] 94 |     use nikisas_test::prelude::*;
[INFO] [stdout]    |         ^^^^^^^^^^^^ use of undeclared crate or module `nikisas_test`
[INFO] [stdout] 
[INFO] [stdout] 
[INFO] [stdout] error[E0433]: failed to resolve: use of undeclared crate or module `nikisas_test`
[INFO] [stdout]   --> src/math/log10.rs:56:9
[INFO] [stdout]    |
[INFO] [stdout] 56 |     use nikisas_test::prelude::*;
[INFO] [stdout]    |         ^^^^^^^^^^^^ use of undeclared crate or module `nikisas_test`
[INFO] [stdout] 
[INFO] [stdout] 
[INFO] [stdout] error[E0433]: failed to resolve: use of undeclared crate or module `nikisas_test`
[INFO] [stdout]   --> src/math/log2.rs:61:9
[INFO] [stdout]    |
[INFO] [stdout] 61 |     use nikisas_test::prelude::*;
[INFO] [stdout]    |         ^^^^^^^^^^^^ use of undeclared crate or module `nikisas_test`
[INFO] [stdout] 
[INFO] [stdout] 
[INFO] [stdout] error[E0433]: failed to resolve: use of undeclared crate or module `nikisas_test`
[INFO] [stdout]    --> src/math/pow.rs:154:9
[INFO] [stdout]     |
[INFO] [stdout] 154 |     use nikisas_test::prelude::*;
[INFO] [stdout]     |         ^^^^^^^^^^^^ use of undeclared crate or module `nikisas_test`
[INFO] [stdout] 
[INFO] [stdout] 
[INFO] [stdout] error[E0433]: failed to resolve: use of undeclared crate or module `nikisas_test`
[INFO] [stdout]   --> src/math/pow10.rs:73:9
[INFO] [stdout]    |
[INFO] [stdout] 73 |     use nikisas_test::prelude::*;
[INFO] [stdout]    |         ^^^^^^^^^^^^ use of undeclared crate or module `nikisas_test`
[INFO] [stdout] 
[INFO] [stdout] 
[INFO] [stdout] error[E0433]: failed to resolve: use of undeclared crate or module `nikisas_test`
[INFO] [stdout]   --> src/math/pow2.rs:72:9
[INFO] [stdout]    |
[INFO] [stdout] 72 |     use nikisas_test::prelude::*;
[INFO] [stdout]    |         ^^^^^^^^^^^^ use of undeclared crate or module `nikisas_test`
[INFO] [stdout] 
[INFO] [stdout] 
[INFO] [stdout] error[E0433]: failed to resolve: use of undeclared crate or module `nikisas_test`
[INFO] [stdout]   --> src/math/sin.rs:90:9
[INFO] [stdout]    |
[INFO] [stdout] 90 |     use nikisas_test::prelude::*;
[INFO] [stdout]    |         ^^^^^^^^^^^^ use of undeclared crate or module `nikisas_test`
[INFO] [stdout] 
[INFO] [stdout] 
[INFO] [stdout] error[E0433]: failed to resolve: use of undeclared crate or module `nikisas_test`
[INFO] [stdout]   --> src/math/tan.rs:79:9
[INFO] [stdout]    |
[INFO] [stdout] 79 |     use nikisas_test::prelude::*;
[INFO] [stdout]    |         ^^^^^^^^^^^^ use of undeclared crate or module `nikisas_test`
[INFO] [stdout] 
[INFO] [stdout] 
[INFO] [stdout] error[E0433]: failed to resolve: use of undeclared crate or module `nikisas_test`
[INFO] [stdout]    --> src/utils.rs:187:9
[INFO] [stdout]     |
[INFO] [stdout] 187 |     use nikisas_test::float::FloatExt;
[INFO] [stdout]     |         ^^^^^^^^^^^^ use of undeclared crate or module `nikisas_test`
[INFO] [stdout] 
[INFO] [stdout] 
[INFO] [stdout] error[E0433]: failed to resolve: use of undeclared crate or module `nikisas_test`
[INFO] [stdout]   --> src/math/cot.rs:31:9
[INFO] [stdout]    |
[INFO] [stdout] 31 |     use nikisas_test::utils::{avoid_odd_mults, shift_left, shift_right};
[INFO] [stdout]    |         ^^^^^^^^^^^^ use of undeclared crate or module `nikisas_test`
[INFO] [stdout] 
[INFO] [stdout] 
[INFO] [stdout] error[E0433]: failed to resolve: use of undeclared crate or module `nikisas_test`
[INFO] [stdout]   --> src/math/ln.rs:95:9
[INFO] [stdout]    |
[INFO] [stdout] 95 |     use nikisas_test::utils::shift_right;
[INFO] [stdout]    |         ^^^^^^^^^^^^ use of undeclared crate or module `nikisas_test`
[INFO] [stdout] 
[INFO] [stdout] 
[INFO] [stdout] error[E0433]: failed to resolve: use of undeclared crate or module `nikisas_test`
[INFO] [stdout]   --> src/math/log10.rs:57:9
[INFO] [stdout]    |
[INFO] [stdout] 57 |     use nikisas_test::utils::shift_right;
[INFO] [stdout]    |         ^^^^^^^^^^^^ use of undeclared crate or module `nikisas_test`
[INFO] [stdout] 
[INFO] [stdout] 
[INFO] [stdout] error[E0433]: failed to resolve: use of undeclared crate or module `nikisas_test`
[INFO] [stdout]   --> src/math/log2.rs:62:9
[INFO] [stdout]    |
[INFO] [stdout] 62 |     use nikisas_test::utils::shift_right;
[INFO] [stdout]    |         ^^^^^^^^^^^^ use of undeclared crate or module `nikisas_test`
[INFO] [stdout] 
[INFO] [stdout] 
[INFO] [stdout] error[E0433]: failed to resolve: use of undeclared crate or module `nikisas_test`
[INFO] [stdout]    --> src/math/pow.rs:155:9
[INFO] [stdout]     |
[INFO] [stdout] 155 |     use nikisas_test::utils::{avoid, shift_right};
[INFO] [stdout]     |         ^^^^^^^^^^^^ use of undeclared crate or module `nikisas_test`
[INFO] [stdout] 
[INFO] [stdout] 
[INFO] [stdout] error[E0433]: failed to resolve: use of undeclared crate or module `nikisas_test`
[INFO] [stdout]   --> src/math/tan.rs:80:9
[INFO] [stdout]    |
[INFO] [stdout] 80 |     use nikisas_test::utils::{avoid_odd_mults, shift_left, shift_right};
[INFO] [stdout]    |         ^^^^^^^^^^^^ use of undeclared crate or module `nikisas_test`
[INFO] [stdout] 
[INFO] [stdout] 
[INFO] [stdout] error[E0432]: unresolved imports `nikisas_test`, `nikisas_test::utils::avoid_odd_mults`, `nikisas_test::utils::shift_left`, `nikisas_test::utils::shift_right`, `nikisas_test::utils::shift_right`, `nikisas_test::utils::shift_right`, `nikisas_test::utils::shift_right`, `nikisas_test::utils::avoid`, `nikisas_test::utils::shift_right`, `nikisas_test::utils::avoid_odd_mults`, `nikisas_test::utils::shift_left`, `nikisas_test::utils::shift_right`
[INFO] [stdout]    --> src/math/cot.rs:31:31
[INFO] [stdout]     |
[INFO] [stdout] 31  |     use nikisas_test::utils::{avoid_odd_mults, shift_left, shift_right};
[INFO] [stdout]     |                               ^^^^^^^^^^^^^^^  ^^^^^^^^^^  ^^^^^^^^^^^
[INFO] [stdout]     | 
[INFO] [stdout]    ::: src/test.rs:2:5
[INFO] [stdout]     |
[INFO] [stdout] 2   | use nikisas_test::ErrorBounds;
[INFO] [stdout]     |     ^^^^^^^^^^^^ use of undeclared crate or module `nikisas_test`
[INFO] [stdout]     | 
[INFO] [stdout]    ::: src/math/ln.rs:95:9
[INFO] [stdout]     |
[INFO] [stdout] 95  |     use nikisas_test::utils::shift_right;
[INFO] [stdout]     |         ^^^^^^^^^^^^^^^^^^^^^^^^^^^^^^^^
[INFO] [stdout]     | 
[INFO] [stdout]    ::: src/math/log10.rs:57:9
[INFO] [stdout]     |
[INFO] [stdout] 57  |     use nikisas_test::utils::shift_right;
[INFO] [stdout]     |         ^^^^^^^^^^^^^^^^^^^^^^^^^^^^^^^^
[INFO] [stdout]     | 
[INFO] [stdout]    ::: src/math/log2.rs:62:9
[INFO] [stdout]     |
[INFO] [stdout] 62  |     use nikisas_test::utils::shift_right;
[INFO] [stdout]     |         ^^^^^^^^^^^^^^^^^^^^^^^^^^^^^^^^
[INFO] [stdout]     | 
[INFO] [stdout]    ::: src/math/pow.rs:155:31
[INFO] [stdout]     |
[INFO] [stdout] 155 |     use nikisas_test::utils::{avoid, shift_right};
[INFO] [stdout]     |                               ^^^^^  ^^^^^^^^^^^
[INFO] [stdout]     | 
[INFO] [stdout]    ::: src/math/tan.rs:80:31
[INFO] [stdout]     |
[INFO] [stdout] 80  |     use nikisas_test::utils::{avoid_odd_mults, shift_left, shift_right};
[INFO] [stdout]     |                               ^^^^^^^^^^^^^^^  ^^^^^^^^^^  ^^^^^^^^^^^
[INFO] [stdout] 
[INFO] [stdout] 
[INFO] [stdout] error[E0433]: failed to resolve: use of undeclared type `UniformSample`
[INFO] [stdout]   --> src/math/cos.rs:41:9
[INFO] [stdout]    |
[INFO] [stdout] 41 |         UniformSample::with_count(-core::f32::consts::PI, core::f32::consts::PI, 100000)
[INFO] [stdout]    |         ^^^^^^^^^^^^^ use of undeclared type `UniformSample`
[INFO] [stdout] 
[INFO] [stdout] 
[INFO] [stdout] error[E0433]: failed to resolve: use of undeclared type `UniformSample`
[INFO] [stdout]   --> src/math/cos.rs:44:9
[INFO] [stdout]    |
[INFO] [stdout] 44 |         UniformSample::with_count(-2.1e+9, 2.1e+9, 10000)
[INFO] [stdout]    |         ^^^^^^^^^^^^^ use of undeclared type `UniformSample`
[INFO] [stdout] 
[INFO] [stdout] 
[INFO] [stdout] error[E0433]: failed to resolve: use of undeclared type `UniformSample`
[INFO] [stdout]   --> src/math/cot.rs:35:9
[INFO] [stdout]    |
[INFO] [stdout] 35 |         UniformSample::with_count(
[INFO] [stdout]    |         ^^^^^^^^^^^^^ use of undeclared type `UniformSample`
[INFO] [stdout] 
[INFO] [stdout] 
[INFO] [stdout] error[E0433]: failed to resolve: use of undeclared type `UniformSample`
[INFO] [stdout]   --> src/math/cot.rs:42:9
[INFO] [stdout]    |
[INFO] [stdout] 42 |         UniformSample::with_count(-2.1e+9, 2.1e+9, 10000)
[INFO] [stdout]    |         ^^^^^^^^^^^^^ use of undeclared type `UniformSample`
[INFO] [stdout] 
[INFO] [stdout] 
[INFO] [stdout] error[E0433]: failed to resolve: use of undeclared type `UniformSample`
[INFO] [stdout]   --> src/math/exp.rs:75:9
[INFO] [stdout]    |
[INFO] [stdout] 75 |         UniformSample::with_count(-2.0f32.ln() / 2.0, 2.0f32.ln() / 2.0, 100000)
[INFO] [stdout]    |         ^^^^^^^^^^^^^ use of undeclared type `UniformSample`
[INFO] [stdout] 
[INFO] [stdout] 
[INFO] [stdout] error[E0433]: failed to resolve: use of undeclared type `UniformSample`
[INFO] [stdout]   --> src/math/exp.rs:78:9
[INFO] [stdout]    |
[INFO] [stdout] 78 |         UniformSample::with_count(-87.3, 88.7, 10000)
[INFO] [stdout]    |         ^^^^^^^^^^^^^ use of undeclared type `UniformSample`
[INFO] [stdout] 
[INFO] [stdout] 
[INFO] [stdout] error[E0433]: failed to resolve: use of undeclared type `UniformSample`
[INFO] [stdout]    --> src/math/ln.rs:102:9
[INFO] [stdout]     |
[INFO] [stdout] 102 |         UniformSample::with_fraction(1.0 / 2.0f32.sqrt(), 2.0f32.sqrt(), 0.5)
[INFO] [stdout]     |         ^^^^^^^^^^^^^ use of undeclared type `UniformSample`
[INFO] [stdout] 
[INFO] [stdout] 
[INFO] [stdout] error[E0433]: failed to resolve: use of undeclared type `UniformSample`
[INFO] [stdout]    --> src/math/ln.rs:105:9
[INFO] [stdout]     |
[INFO] [stdout] 105 |         UniformSample::with_count(shift_right(0.0), 3.4e+38, 10000)
[INFO] [stdout]     |         ^^^^^^^^^^^^^ use of undeclared type `UniformSample`
[INFO] [stdout] 
[INFO] [stdout] 
[INFO] [stdout] error[E0433]: failed to resolve: use of undeclared type `UniformSample`
[INFO] [stdout]   --> src/math/log10.rs:70:9
[INFO] [stdout]    |
[INFO] [stdout] 70 |         UniformSample::with_count(shift_right(0.0), 3.4e+38, 10000)
[INFO] [stdout]    |         ^^^^^^^^^^^^^ use of undeclared type `UniformSample`
[INFO] [stdout] 
[INFO] [stdout] 
[INFO] [stdout] error[E0433]: failed to resolve: use of undeclared type `UniformSample`
[INFO] [stdout]   --> src/math/log2.rs:75:9
[INFO] [stdout]    |
[INFO] [stdout] 75 |         UniformSample::with_count(shift_right(0.0), 3.4e+38, 10000)
[INFO] [stdout]    |         ^^^^^^^^^^^^^ use of undeclared type `UniformSample`
[INFO] [stdout] 
[INFO] [stdout] 
[INFO] [stdout] error[E0433]: failed to resolve: use of undeclared type `UniformSample`
[INFO] [stdout]    --> src/math/pow.rs:161:9
[INFO] [stdout]     |
[INFO] [stdout] 161 |         UniformSample::with_count(shift_right(0.0f32), 32.0, 5000)
[INFO] [stdout]     |         ^^^^^^^^^^^^^ use of undeclared type `UniformSample`
[INFO] [stdout] 
[INFO] [stdout] 
[INFO] [stdout] error[E0433]: failed to resolve: use of undeclared type `UniformSample`
[INFO] [stdout]    --> src/math/pow.rs:163:17
[INFO] [stdout]     |
[INFO] [stdout] 163 |                 UniformSample::with_count(-10.0, 10.0, 5000)
[INFO] [stdout]     |                 ^^^^^^^^^^^^^ use of undeclared type `UniformSample`
[INFO] [stdout] 
[INFO] [stdout] 
[INFO] [stdout] error[E0433]: failed to resolve: use of undeclared type `UniformSample`
[INFO] [stdout]    --> src/math/pow.rs:174:9
[INFO] [stdout]     |
[INFO] [stdout] 174 |         UniformSample::with_count(shift_right(0.0f32), 10.0, 5000)
[INFO] [stdout]     |         ^^^^^^^^^^^^^ use of undeclared type `UniformSample`
[INFO] [stdout] 
[INFO] [stdout] 
[INFO] [stdout] error[E0433]: failed to resolve: use of undeclared type `UniformSample`
[INFO] [stdout]    --> src/math/pow.rs:176:17
[INFO] [stdout]     |
[INFO] [stdout] 176 |                 UniformSample::with_count(-64.0, 64.0, 5000)
[INFO] [stdout]     |                 ^^^^^^^^^^^^^ use of undeclared type `UniformSample`
[INFO] [stdout] 
[INFO] [stdout] 
[INFO] [stdout] error[E0433]: failed to resolve: use of undeclared type `UniformSample`
[INFO] [stdout]    --> src/math/pow.rs:187:9
[INFO] [stdout]     |
[INFO] [stdout] 187 |         UniformSample::with_count(-10.0f32, 10.0, 5000)
[INFO] [stdout]     |         ^^^^^^^^^^^^^ use of undeclared type `UniformSample`
[INFO] [stdout] 
[INFO] [stdout] 
[INFO] [stdout] error[E0433]: failed to resolve: use of undeclared type `UniformSample`
[INFO] [stdout]    --> src/math/pow.rs:189:17
[INFO] [stdout]     |
[INFO] [stdout] 189 |                 UniformSample::with_count(1.0, 100.0, 5000)
[INFO] [stdout]     |                 ^^^^^^^^^^^^^ use of undeclared type `UniformSample`
[INFO] [stdout] 
[INFO] [stdout] 
[INFO] [stdout] error[E0433]: failed to resolve: use of undeclared type `UniformSample`
[INFO] [stdout]   --> src/math/pow10.rs:85:9
[INFO] [stdout]    |
[INFO] [stdout] 85 |         UniformSample::with_count(-0.5, 0.5, 100000)
[INFO] [stdout]    |         ^^^^^^^^^^^^^ use of undeclared type `UniformSample`
[INFO] [stdout] 
[INFO] [stdout] 
[INFO] [stdout] error[E0433]: failed to resolve: use of undeclared type `UniformSample`
[INFO] [stdout]   --> src/math/pow10.rs:88:9
[INFO] [stdout]    |
[INFO] [stdout] 88 |         UniformSample::with_count(-37.9, 38.5, 10000)
[INFO] [stdout]    |         ^^^^^^^^^^^^^ use of undeclared type `UniformSample`
[INFO] [stdout] 
[INFO] [stdout] 
[INFO] [stdout] error[E0433]: failed to resolve: use of undeclared type `UniformSample`
[INFO] [stdout]   --> src/math/pow2.rs:84:9
[INFO] [stdout]    |
[INFO] [stdout] 84 |         UniformSample::with_count(-0.5, 0.5, 100000)
[INFO] [stdout]    |         ^^^^^^^^^^^^^ use of undeclared type `UniformSample`
[INFO] [stdout] 
[INFO] [stdout] 
[INFO] [stdout] error[E0433]: failed to resolve: use of undeclared type `UniformSample`
[INFO] [stdout]   --> src/math/pow2.rs:87:9
[INFO] [stdout]    |
[INFO] [stdout] 87 |         UniformSample::with_count(-87.3, 88.7, 10000)
[INFO] [stdout]    |         ^^^^^^^^^^^^^ use of undeclared type `UniformSample`
[INFO] [stdout] 
[INFO] [stdout] 
[INFO] [stdout] error[E0433]: failed to resolve: use of undeclared type `UniformSample`
[INFO] [stdout]   --> src/math/sin.rs:99:9
[INFO] [stdout]    |
[INFO] [stdout] 99 |         UniformSample::with_count(-core::f32::consts::PI, core::f32::consts::PI, 100000)
[INFO] [stdout]    |         ^^^^^^^^^^^^^ use of undeclared type `UniformSample`
[INFO] [stdout] 
[INFO] [stdout] 
[INFO] [stdout] error[E0433]: failed to resolve: use of undeclared type `UniformSample`
[INFO] [stdout]    --> src/math/sin.rs:102:9
[INFO] [stdout]     |
[INFO] [stdout] 102 |         UniformSample::with_count(-2.1e+9, 2.1e+9, 10000)
[INFO] [stdout]     |         ^^^^^^^^^^^^^ use of undeclared type `UniformSample`
[INFO] [stdout] 
[INFO] [stdout] 
[INFO] [stdout] error[E0433]: failed to resolve: use of undeclared type `UniformSample`
[INFO] [stdout]   --> src/math/tan.rs:88:9
[INFO] [stdout]    |
[INFO] [stdout] 88 |         UniformSample::with_count(
[INFO] [stdout]    |         ^^^^^^^^^^^^^ use of undeclared type `UniformSample`
[INFO] [stdout] 
[INFO] [stdout] 
[INFO] [stdout] error[E0433]: failed to resolve: use of undeclared type `UniformSample`
[INFO] [stdout]   --> src/math/tan.rs:95:9
[INFO] [stdout]    |
[INFO] [stdout] 95 |         UniformSample::with_count(-2.1e+9, 2.1e+9, 10000)
[INFO] [stdout]    |         ^^^^^^^^^^^^^ use of undeclared type `UniformSample`
[INFO] [stdout] 
[INFO] [stdout] 
[INFO] [stdout] error[E0425]: cannot find function `shift_right` in this scope
[INFO] [stdout]   --> src/math/cot.rs:36:13
[INFO] [stdout]    |
[INFO] [stdout] 36 |             shift_right(-core::f32::consts::PI / 2.0),
[INFO] [stdout]    |             ^^^^^^^^^^^ not found in this scope
[INFO] [stdout] 
[INFO] [stdout] 
[INFO] [stdout] error[E0425]: cannot find function `shift_left` in this scope
[INFO] [stdout]   --> src/math/cot.rs:37:13
[INFO] [stdout]    |
[INFO] [stdout] 37 |             shift_left(core::f32::consts::PI / 2.0),
[INFO] [stdout]    |             ^^^^^^^^^^ not found in this scope
[INFO] [stdout] 
[INFO] [stdout] 
[INFO] [stdout] error[E0425]: cannot find function `avoid_odd_mults` in this scope
[INFO] [stdout]   --> src/math/cot.rs:43:21
[INFO] [stdout]    |
[INFO] [stdout] 43 |             .filter(avoid_odd_mults(core::f32::consts::PI / 2.0))
[INFO] [stdout]    |                     ^^^^^^^^^^^^^^^ not found in this scope
[INFO] [stdout] 
[INFO] [stdout] 
[INFO] [stdout] error[E0425]: cannot find function `shift_right` in this scope
[INFO] [stdout]    --> src/math/ln.rs:105:35
[INFO] [stdout]     |
[INFO] [stdout] 105 |         UniformSample::with_count(shift_right(0.0), 3.4e+38, 10000)
[INFO] [stdout]     |                                   ^^^^^^^^^^^ not found in this scope
[INFO] [stdout] 
[INFO] [stdout] 
[INFO] [stdout] error[E0433]: failed to resolve: use of undeclared type `Error`
[INFO] [stdout]   --> src/math/log10.rs:62:19
[INFO] [stdout]    |
[INFO] [stdout] 62 |             .fold(Error::with_bounds(error_bounds()), |mut error, k| {
[INFO] [stdout]    |                   ^^^^^ not found in this scope
[INFO] [stdout]    |
[INFO] [stdout] help: consider importing one of these items
[INFO] [stdout]    |
[INFO] [stdout] 54 |     use core::fmt::Error;
[INFO] [stdout]    |
[INFO] [stdout] 54 |     use proptest::std_facade::fmt::Error;
[INFO] [stdout]    |
[INFO] [stdout] 54 |     use proptest::string::Error;
[INFO] [stdout]    |
[INFO] [stdout] 
[INFO] [stdout] 
[INFO] [stdout] error[E0425]: cannot find function `shift_right` in this scope
[INFO] [stdout]   --> src/math/log10.rs:70:35
[INFO] [stdout]    |
[INFO] [stdout] 70 |         UniformSample::with_count(shift_right(0.0), 3.4e+38, 10000)
[INFO] [stdout]    |                                   ^^^^^^^^^^^ not found in this scope
[INFO] [stdout] 
[INFO] [stdout] 
[INFO] [stdout] error[E0433]: failed to resolve: use of undeclared type `Error`
[INFO] [stdout]   --> src/math/log2.rs:67:19
[INFO] [stdout]    |
[INFO] [stdout] 67 |             .fold(Error::with_bounds(error_bounds()), |mut error, k| {
[INFO] [stdout]    |                   ^^^^^ not found in this scope
[INFO] [stdout]    |
[INFO] [stdout] help: consider importing one of these items
[INFO] [stdout]    |
[INFO] [stdout] 59 |     use core::fmt::Error;
[INFO] [stdout]    |
[INFO] [stdout] 59 |     use proptest::std_facade::fmt::Error;
[INFO] [stdout]    |
[INFO] [stdout] 59 |     use proptest::string::Error;
[INFO] [stdout]    |
[INFO] [stdout] 
[INFO] [stdout] 
[INFO] [stdout] error[E0425]: cannot find function `shift_right` in this scope
[INFO] [stdout]   --> src/math/log2.rs:75:35
[INFO] [stdout]    |
[INFO] [stdout] 75 |         UniformSample::with_count(shift_right(0.0), 3.4e+38, 10000)
[INFO] [stdout]    |                                   ^^^^^^^^^^^ not found in this scope
[INFO] [stdout] 
[INFO] [stdout] 
[INFO] [stdout] error[E0425]: cannot find function `shift_right` in this scope
[INFO] [stdout]    --> src/math/pow.rs:161:35
[INFO] [stdout]     |
[INFO] [stdout] 161 |         UniformSample::with_count(shift_right(0.0f32), 32.0, 5000)
[INFO] [stdout]     |                                   ^^^^^^^^^^^ not found in this scope
[INFO] [stdout] 
[INFO] [stdout] 
[INFO] [stdout] error[E0433]: failed to resolve: use of undeclared type `Error`
[INFO] [stdout]    --> src/math/pow.rs:162:19
[INFO] [stdout]     |
[INFO] [stdout] 162 |             .fold(Error::with_bounds(error_bounds()), |error, x| {
[INFO] [stdout]     |                   ^^^^^ not found in this scope
[INFO] [stdout]     |
[INFO] [stdout] help: consider importing one of these items
[INFO] [stdout]     |
[INFO] [stdout] 152 |     use core::fmt::Error;
[INFO] [stdout]     |
[INFO] [stdout] 152 |     use proptest::std_facade::fmt::Error;
[INFO] [stdout]     |
[INFO] [stdout] 152 |     use proptest::string::Error;
[INFO] [stdout]     |
[INFO] [stdout] 
[INFO] [stdout] 
[INFO] [stdout] error[E0425]: cannot find function `avoid` in this scope
[INFO] [stdout]    --> src/math/pow.rs:164:29
[INFO] [stdout]     |
[INFO] [stdout] 164 |                     .filter(avoid(0.0))
[INFO] [stdout]     |                             ^^^^^ not found in this scope
[INFO] [stdout] 
[INFO] [stdout] 
[INFO] [stdout] error[E0425]: cannot find function `shift_right` in this scope
[INFO] [stdout]    --> src/math/pow.rs:174:35
[INFO] [stdout]     |
[INFO] [stdout] 174 |         UniformSample::with_count(shift_right(0.0f32), 10.0, 5000)
[INFO] [stdout]     |                                   ^^^^^^^^^^^ not found in this scope
[INFO] [stdout] 
[INFO] [stdout] 
[INFO] [stdout] error[E0433]: failed to resolve: use of undeclared type `Error`
[INFO] [stdout]    --> src/math/pow.rs:175:19
[INFO] [stdout]     |
[INFO] [stdout] 175 |             .fold(Error::with_bounds(error_bounds()), |error, x| {
[INFO] [stdout]     |                   ^^^^^ not found in this scope
[INFO] [stdout]     |
[INFO] [stdout] help: consider importing one of these items
[INFO] [stdout]     |
[INFO] [stdout] 152 |     use core::fmt::Error;
[INFO] [stdout]     |
[INFO] [stdout] 152 |     use proptest::std_facade::fmt::Error;
[INFO] [stdout]     |
[INFO] [stdout] 152 |     use proptest::string::Error;
[INFO] [stdout]     |
[INFO] [stdout] 
[INFO] [stdout] 
[INFO] [stdout] error[E0425]: cannot find function `avoid` in this scope
[INFO] [stdout]    --> src/math/pow.rs:177:29
[INFO] [stdout]     |
[INFO] [stdout] 177 |                     .filter(avoid(0.0))
[INFO] [stdout]     |                             ^^^^^ not found in this scope
[INFO] [stdout] 
[INFO] [stdout] 
[INFO] [stdout] error[E0433]: failed to resolve: use of undeclared type `Error`
[INFO] [stdout]    --> src/math/pow.rs:188:19
[INFO] [stdout]     |
[INFO] [stdout] 188 |             .fold(Error::with_bounds(error_bounds()), |error, x| {
[INFO] [stdout]     |                   ^^^^^ not found in this scope
[INFO] [stdout]     |
[INFO] [stdout] help: consider importing one of these items
[INFO] [stdout]     |
[INFO] [stdout] 152 |     use core::fmt::Error;
[INFO] [stdout]     |
[INFO] [stdout] 152 |     use proptest::std_facade::fmt::Error;
[INFO] [stdout]     |
[INFO] [stdout] 152 |     use proptest::string::Error;
[INFO] [stdout]     |
[INFO] [stdout] 
[INFO] [stdout] 
[INFO] [stdout] error[E0433]: failed to resolve: use of undeclared type `Error`
[INFO] [stdout]   --> src/math/pow10.rs:78:19
[INFO] [stdout]    |
[INFO] [stdout] 78 |             .fold(Error::with_bounds(error_bounds()), |mut error, k| {
[INFO] [stdout]    |                   ^^^^^ not found in this scope
[INFO] [stdout]    |
[INFO] [stdout] help: consider importing one of these items
[INFO] [stdout]    |
[INFO] [stdout] 71 |     use core::fmt::Error;
[INFO] [stdout]    |
[INFO] [stdout] 71 |     use proptest::std_facade::fmt::Error;
[INFO] [stdout]    |
[INFO] [stdout] 71 |     use proptest::string::Error;
[INFO] [stdout]    |
[INFO] [stdout] 
[INFO] [stdout] 
[INFO] [stdout] error[E0433]: failed to resolve: use of undeclared type `Error`
[INFO] [stdout]   --> src/math/pow2.rs:77:19
[INFO] [stdout]    |
[INFO] [stdout] 77 |             .fold(Error::with_bounds(error_bounds()), |mut error, k| {
[INFO] [stdout]    |                   ^^^^^ not found in this scope
[INFO] [stdout]    |
[INFO] [stdout] help: consider importing one of these items
[INFO] [stdout]    |
[INFO] [stdout] 70 |     use core::fmt::Error;
[INFO] [stdout]    |
[INFO] [stdout] 70 |     use proptest::std_facade::fmt::Error;
[INFO] [stdout]    |
[INFO] [stdout] 70 |     use proptest::string::Error;
[INFO] [stdout]    |
[INFO] [stdout] 
[INFO] [stdout] 
[INFO] [stdout] error[E0425]: cannot find function `shift_right` in this scope
[INFO] [stdout]   --> src/math/tan.rs:89:13
[INFO] [stdout]    |
[INFO] [stdout] 89 |             shift_right(-core::f32::consts::PI / 2.0),
[INFO] [stdout]    |             ^^^^^^^^^^^ not found in this scope
[INFO] [stdout] 
[INFO] [stdout] 
[INFO] [stdout] error[E0425]: cannot find function `shift_left` in this scope
[INFO] [stdout]   --> src/math/tan.rs:90:13
[INFO] [stdout]    |
[INFO] [stdout] 90 |             shift_left(core::f32::consts::PI / 2.0),
[INFO] [stdout]    |             ^^^^^^^^^^ not found in this scope
[INFO] [stdout] 
[INFO] [stdout] 
[INFO] [stdout] error[E0425]: cannot find function `avoid_odd_mults` in this scope
[INFO] [stdout]   --> src/math/tan.rs:96:21
[INFO] [stdout]    |
[INFO] [stdout] 96 |             .filter(avoid_odd_mults(core::f32::consts::PI / 2.0))
[INFO] [stdout]    |                     ^^^^^^^^^^^^^^^ not found in this scope
[INFO] [stdout] 
[INFO] [stdout] 
[INFO] [stdout] error[E0599]: no method named `nextup` found for type `f32` in the current scope
[INFO] [stdout]    --> src/utils.rs:329:43
[INFO] [stdout]     |
[INFO] [stdout] 329 |             assert!(super::nearly_equal(x.nextup(), x, EPSILON));
[INFO] [stdout]     |                                           ^^^^^^ method not found in `f32`
[INFO] [stdout] 
[INFO] [stdout] 
[INFO] [stdout] error[E0599]: no method named `nextdown` found for type `f32` in the current scope
[INFO] [stdout]    --> src/utils.rs:330:43
[INFO] [stdout]     |
[INFO] [stdout] 330 |             assert!(super::nearly_equal(x.nextdown(), x, EPSILON));
[INFO] [stdout]     |                                           ^^^^^^^^ method not found in `f32`
[INFO] [stdout] 
[INFO] [stdout] 
[INFO] [stdout] error: aborting due to 65 previous errors
[INFO] [stdout] 
[INFO] [stdout] 
[INFO] [stdout] Some errors have detailed explanations: E0425, E0432, E0433, E0599.
[INFO] [stdout] 
[INFO] [stdout] For more information about an error, try `rustc --explain E0425`.
[INFO] [stdout] 
[INFO] [stderr] error: could not compile `nikisas`
[INFO] [stderr] 
[INFO] [stderr] To learn more, run the command again with --verbose.
[INFO] running `Command { std: "docker" "inspect" "6d356a9e865a6bc2b024a5b8844ec821c80a57805130f4755da1f665c2014a37", kill_on_drop: false }`
[INFO] running `Command { std: "docker" "rm" "-f" "6d356a9e865a6bc2b024a5b8844ec821c80a57805130f4755da1f665c2014a37", kill_on_drop: false }`
[INFO] [stdout] 6d356a9e865a6bc2b024a5b8844ec821c80a57805130f4755da1f665c2014a37
